{"id":461,"date":"2022-02-16T13:20:35","date_gmt":"2022-02-16T16:20:35","guid":{"rendered":"https:\/\/dirppg.dv.utfpr.edu.br\/site\/?page_id=461"},"modified":"2024-03-21T15:42:15","modified_gmt":"2024-03-21T18:42:15","slug":"editais-externos","status":"publish","type":"page","link":"https:\/\/dirppg.dv.utfpr.edu.br\/site\/editais-externos\/","title":{"rendered":"Editais Externos"},"content":{"rendered":"\n<ul><li><a rel=\"noreferrer noopener\" href=\"http:\/\/www.finep.gov.br\/chamadas-publicas\/chamadapublica\/722\" target=\"_blank\">4A CHAMADA P\u00daBLICA CONJUNTA ENTRE FINEP E RCN\u00a0<\/a><\/li><\/ul>\n\n\n\n<p>O objetivo para os dois pa\u00edses \u00e9 financiar um portf\u00f3lio de projetos que cubram o maior n\u00famero poss\u00edvel de linhas tem\u00e1ticas. O n\u00famero de projetos financiados depender\u00e1 da quantidade e da qualidade das propostas enviadas e dos recursos financeiros dispon\u00edveis. Considerando os recursos dispon\u00edveis no momento (consulte a se\u00e7\u00e3o 5), a Finep e o RCN esperam financiar 6 a 8 projetos. A Finep e o RCN apoiar\u00e3o projetos desenvolvidos em coopera\u00e7\u00e3o entre empresas brasileiras e norueguesas, por meio de seus respectivos instrumentos de financiamento, no escopo das linhas tem\u00e1ticas previstas:&nbsp;<\/p>\n\n\n\n<p><strong>Energias Sustent\u00e1veis<\/strong>: Energia e\u00f3lica, Energia solar, Hidrog\u00eanio e vetores energ\u00e9ticos \u00e0 base de hidrog\u00eanio.<\/p>\n\n\n\n<p><strong>Petr\u00f3leo<\/strong>: Redu\u00e7\u00e3o de emiss\u00e3o de gases do efeito estufa; Tecnologias de subsuperf\u00edcie; Perfura\u00e7\u00e3o, completa\u00e7\u00e3o e interven\u00e7\u00e3o; Produ\u00e7\u00e3o, processamento e transporte; Acidentes de grandes propor\u00e7\u00f5es e ambiente de trabalho&nbsp;Inscri\u00e7\u00f5es at\u00e9&nbsp;<strong>24\/04\/2024<\/strong><strong>.<\/strong><\/p>\n\n\n\n<ul><li><a rel=\"noreferrer noopener\" href=\"https:\/\/memoria2.cnpq.br\/web\/guest\/chamadas-publicas?p_p_id=resultadosportlet_WAR_resultadoscnpqportlet_INSTANCE_0ZaM&amp;filtro=abertas&amp;detalha=chamadaDivulgada&amp;idDivulgacao=11805\" target=\"_blank\">CHAMADA DE PROPOSTAS EXPEDI\u00c7\u00d5ES CIENT\u00cdFICAS &#8211; INICIATIVA AMAZ\u00d4NIA +10<\/a><\/li><\/ul>\n\n\n\n<p>Apoiar a pesquisa cient\u00edfica e o desenvolvimento tecnol\u00f3gico na Amaz\u00f4nia Legal, tendo como foco uma melhor compreens\u00e3o das intera\u00e7\u00f5es natureza-sociedade para o desenvolvimento sustent\u00e1vel e inclusivo da regi\u00e3o. Os estudos apoiados no \u00e2mbito desta Iniciativa devem avan\u00e7ar o conhecimento cient\u00edfico sobre a regi\u00e3o e, conjuntamente com atores relevantes para as formula\u00e7\u00f5es de pol\u00edticas p\u00fablicas, atrair investimentos p\u00fablicos e privados de forma a promover o bem-estar das popula\u00e7\u00f5es da regi\u00e3o de forma consistente e a longo prazo.\u00a0Inscri\u00e7\u00f5es at\u00e9\u00a029\/04\/2024.<\/p>\n\n\n\n<ul><li><a rel=\"noreferrer noopener\" href=\"http:\/\/memoria2.cnpq.br\/web\/guest\/chamadas-publicas?p_p_id=resultadosportlet_WAR_resultadoscnpqportlet_INSTANCE_0ZaM&amp;filtro=abertas&amp;detalha=chamadaDivulgada&amp;idDivulgacao=11885\" target=\"_blank\">CHAMADA CNPQ N\u00ba 31\/2023 &#8211; MENINAS NAS CI\u00caNCIAS EXATAS, ENGENHARIAS E COMPUTA\u00c7\u00c3O<\/a><\/li><\/ul>\n\n\n\n<p>Apoiar projetos que visem contribuir significativamente para o desenvolvimento cient\u00edfico e tecnol\u00f3gico e a inova\u00e7\u00e3o do Pa\u00eds, por meio do est\u00edmulo ao ingresso, \u00e0 forma\u00e7\u00e3o, \u00e0 perman\u00eancia e \u00e0 ascens\u00e3o de meninas e mulheres nas carreiras de Ci\u00eancias Exatas, Engenharias e Computa\u00e7\u00e3o.. Inscri\u00e7\u00f5es at\u00e9&nbsp;<strong>29\/04\/2024.<\/strong><\/p>\n\n\n\n<ul><li><a rel=\"noreferrer noopener\" href=\"https:\/\/www.fappr.pr.gov.br\/Programas-Abertos\" target=\"_blank\">CHAMADA CONFAP &amp; PROGRAMA HORIZON EUROPE 2021-2027<\/a><\/li><\/ul>\n\n\n\n<p>O objetivo do programa \u00e9 apoiar projetos colaborativos de pesquisa e inova\u00e7\u00e3o comprometidos em resolver grandes desafios globais alinhados aos ODS com foco na dissemina\u00e7\u00e3o de conhecimentos e tecnologias excelentes, al\u00e9m de promover o fortalecimento da produ\u00e7\u00e3o cient\u00edfica, tecnol\u00f3gica e de inova\u00e7\u00e3o por meio da concess\u00e3o de apoio financeiro para projetos aprovados na Chamada CONFAP &amp; Programa Horizon Europe 2021-2027, das diversas \u00e1reas do conhecimento e que apresentem ader\u00eancia \u00e0s \u00e1reas priorit\u00e1rias e\/ou transversais identificadas pelo Conselho Paranaense de Ci\u00eancia do Paran\u00e1 (CCT-PR).<br>Para mais informa\u00e7\u00f5es sobre o Programa Horizon Europe e SUBMISS\u00c3O das propostas consultar: <a href=\"https:\/\/confap.org.br\/pt\/editais\/49\/horizon-europe\">https:\/\/confap.org.br\/pt\/editais\/49\/horizon-europe<\/a><\/p>\n","protected":false},"excerpt":{"rendered":"<p>4A CHAMADA P\u00daBLICA CONJUNTA ENTRE FINEP E RCN\u00a0 O objetivo para os dois pa\u00edses \u00e9 financiar um portf\u00f3lio de projetos que cubram o maior n\u00famero poss\u00edvel de linhas tem\u00e1ticas. O n\u00famero de projetos financiados depender\u00e1 da quantidade e da qualidade das propostas enviadas e dos recursos financeiros dispon\u00edveis. Considerando os recursos dispon\u00edveis no momento (consulte [&hellip;]<\/p>\n","protected":false},"author":3,"featured_media":0,"parent":0,"menu_order":0,"comment_status":"closed","ping_status":"closed","template":"","meta":[],"_links":{"self":[{"href":"https:\/\/dirppg.dv.utfpr.edu.br\/site\/wp-json\/wp\/v2\/pages\/461"}],"collection":[{"href":"https:\/\/dirppg.dv.utfpr.edu.br\/site\/wp-json\/wp\/v2\/pages"}],"about":[{"href":"https:\/\/dirppg.dv.utfpr.edu.br\/site\/wp-json\/wp\/v2\/types\/page"}],"author":[{"embeddable":true,"href":"https:\/\/dirppg.dv.utfpr.edu.br\/site\/wp-json\/wp\/v2\/users\/3"}],"replies":[{"embeddable":true,"href":"https:\/\/dirppg.dv.utfpr.edu.br\/site\/wp-json\/wp\/v2\/comments?post=461"}],"version-history":[{"count":25,"href":"https:\/\/dirppg.dv.utfpr.edu.br\/site\/wp-json\/wp\/v2\/pages\/461\/revisions"}],"predecessor-version":[{"id":842,"href":"https:\/\/dirppg.dv.utfpr.edu.br\/site\/wp-json\/wp\/v2\/pages\/461\/revisions\/842"}],"wp:attachment":[{"href":"https:\/\/dirppg.dv.utfpr.edu.br\/site\/wp-json\/wp\/v2\/media?parent=461"}],"curies":[{"name":"wp","href":"https:\/\/api.w.org\/{rel}","templated":true}]}}